009?
11, 25694819
What are the prime factors of 23240876?
2, 19, 313, 977
What are the prime factors of 205512069?
3, 7, 883, 11083
List the prime factors of 24367220.
2, 5, 761, 1601
What are the prime factors of 189983112?
2, 3, 11, 719633
List the prime factors of 1588048829.
17, 173, 719, 751
What are the prime factors of 1137505347?
3, 11, 113, 101681
What are the prime factors of 10069302?
2, 3, 1678217
What are the prime factors of 1134351958?
2, 229, 2476751
List the prime factors of 330081709.
4451, 74159
List the prime factors of 103886902.
2, 7, 7420493
List the prime factors of 904680317.
29, 1447, 21559
What are the prime factors of 3910211236?
2, 197, 907, 5471
List the prime factors of 63690877.
63690877
List the prime factors of 64528139.
13, 571, 8693
What are the prime factors of 105938111?
43, 73, 33749
What are the prime factors of 2028152465?
5, 405630493
List the prime factors of 26209011.
3, 29, 71, 4243
What are the prime factors of 703550538?
2, 3, 1039, 37619
What are the prime factors of 116872245?
3, 5, 7, 311, 1193
List the prime factors of 35595336.
2, 3, 7, 211877
What are the prime factors of 58289744?
2, 947, 3847
What are the prime factors of 2214725060?
2, 5, 127, 419, 2081
What are the prime factors of 23019909?
3, 11, 311, 2243
List the prime factors of 1209734001.
3, 7, 829, 1103
What are the prime factors of 29771629?
29771629
What are the prime factors of 9068358153?
3, 3022786051
What are the prime factors of 1898161894?
2, 17, 23, 2427317
List the prime factors of 2878862349.
3, 11, 19, 4591487
What are the prime factors of 929224076?
2, 11, 21118729
What are the prime factors of 3079480386?
2, 3, 513246731
List the prime factors of 305932371.
3, 109, 137, 6829
List the prime factors of 69987222.
2, 3, 19, 204641
What are the prime factors of 1013936604?
2, 3, 37, 491, 4651
List the prime factors of 1109621380.
2, 5, 7, 7925867
List the prime factors of 18507932.
2, 1871, 2473
What are the prime factors of 593491348?
2, 148372837
List the prime factors of 64024126.
2, 167, 191689
List the prime factors of 153617006.
2, 421, 182443
What are the prime factors of 32724684?
2, 3, 909019
List the prime factors of 2707958116.
2, 61, 131, 84719
What are the prime factors of 2706331779?
3, 17, 71, 249133
What are the prime factors of 461461919?
461461919
What are the prime factors of 111318640?
2, 5, 1391483
What are the prime factors of 1151783227?
7, 29, 53, 107053
List the prime factors of 3367875.
3, 5, 7, 1283
List the prime factors of 189036302.
2, 7, 13, 109, 733
What are the prime factors of 400885501?
400885501
List the prime factors of 102685982.
2, 7, 7334713
What are the prime factors of 1846329708?
2, 3, 153860809
List the prime factors of 270968585.
5, 43, 1260319
List the prime factors of 28750749.
3, 1667, 5749
What are the prime factors of 219978861?
3, 17, 4313311
List the prime factors of 57203877.
3, 113, 168743
What are the prime factors of 966429021?
3, 2903, 110969
List the prime factors of 2680796006.
2, 7, 179, 1069751
List the prime factors of 577098333.
3, 7, 1308613
List the prime factors of 107887300.
2, 5, 1078873
List the prime factors of 279395986.
2, 17, 8217529
List the prime factors of 465593304.
2, 3, 11, 1763611
List the prime factors of 1294415813.
67, 19319639
What are the prime factors of 7246671514?
2, 107, 33862951
List the prime factors of 25162699.
311, 80909
What are the prime factors of 1412232218?
2, 31, 47, 83, 5839
What are the prime factors of 53336900?
2, 5, 41, 13009
What are the prime factors of 884300519?
227, 3895597
What are the prime factors of 4095514690?
2, 5, 409551469
List the prime factors of 217780957.
1193, 182549
What are the prime factors of 364441127?
1103, 330409
List the prime factors of 71749914.
2, 3, 137, 191, 457
List the prime factors of 24650785.
5, 4930157
List the prime factors of 32595522.
2, 3, 73, 74419
List the prime factors of 809537949.
3, 11, 131, 20807
List the prime factors of 20800971.
3, 97, 23827
List the prime factors of 314804400.
2, 3, 5, 262337
What are the prime factors of 3436659760?
2, 5, 43, 999029
List the prime factors of 303600415.
5, 60720083
What are the prime factors of 11755772?
2, 7, 17, 24697
List the prime factors of 478577565.
3, 5, 131297
What are the prime factors of 86063709?
3, 127, 225889
What are the prime factors of 2095936?
2, 32749
What are the prime factors of 74484867?
3, 24828289
List the prime factors of 355957681.
355957681
What are the prime factors of 89522796?
2, 3, 11, 678203
What are the prime factors of 108606671?
31, 967, 3623
What are the prime factors of 356950495?
5, 11, 53, 122453
List the prime factors of 2952653197.
13, 227127169
What are the prime factors of 190684363?
311, 487, 1259
What are the prime factors of 62199679?
2267, 27437
List the prime factors of 18894113.
7, 19, 142061
List the prime factors of 24018794.
2, 1549, 7753
List the prime factors of 160493935.
5, 7, 4585541
What are the prime factors of 949812769?
949812769
List the prime factors of 4384185118.
2, 2192092559
List the prime factors of 84957105.
3, 5, 5663807
List the prime factors of 231726050.
2, 5, 4634521
List the prime factors of 18709097.
11, 23, 73, 1013
List the prime factors of 231815724.
2, 3, 7, 2759711
What are the prime factors of 702306047?
5861, 119827
What are the prime factors of 295887272?
2, 23, 1608083
List the prime factors of 204354193.
1289, 158537
What are the prime factors of 41485723?
577, 71899
List the prime factors of 1184008322.
2, 7, 67, 1262269
What are the prime factors of 46948392?
2, 3, 19, 34319
What are the prime factors of 2743941519?
3, 11, 2239, 12379
List the prime factors of 246344758.
2, 11, 11197489
List the prime factors of 201772587.
3, 229, 293701
List the prime factors of 7164942459.
3, 2388314153
What are the prime factors of 7183469?
17, 422557
What are the prime factors of 135851254?
2, 7, 11, 19, 29, 1601
List the prime factors of 937931599.
11, 17, 19, 263983
What are the prime factors of 58873493?
7, 43, 195593
What are the prime factors of 4896558551?
1871, 2617081
What are the prime factors of 631481304?
2, 3, 26311721
List the prime factors of 8035235444.
2, 2008808861
List the prime factors of 1952990893.
7, 5693851
List the prime factors of 78589126.
2, 7, 11, 510319
List the prime factors of 209789161.
29, 79, 91571
What are the prime factors of 2108473142?
2, 12037, 87583
What are the prime factors of 1549517597?
1549517597
What are the prime factors of 41667776?
2, 739, 881
What are the prime factors of 451099199?
17, 2819, 9413
List the prime factors of 217379754.
2, 3, 4025551
List the prime factors of 396335213.
3931, 100823
List the prime factors of 1840086154.
2, 17, 54120181
List the prime factors of 557810854.
2, 19, 233, 251
What are the prime factors of 93078230?
2, 5, 7, 17, 43, 107
List the prime factors of 6401800083.
3, 7, 29, 97, 307, 353
What are the prime factors of 149671646?
2, 401, 431, 433
What are the prime factors of 2383681164?
2, 3, 198640097
List the prime factors of 2841511772.
2, 11, 64579813
List the prime factors of 802250771.
7, 53, 2162401
What are the prime factors of 3232859?
7, 421, 1097
List the prime factors of 109888383.
3, 11, 269, 12379
What are the prime factors of 7615855267?
811, 9390697
What are the prime factors of 281258044?
2, 277, 313, 811
What are the prime factors of 476503375?
5, 19, 313, 641
List the prime factors of 3087787296.
2, 3, 11, 29, 100829
What are the prime factors of 343340049?
3, 13, 8803591
List the prime factors of 909018608.
2, 56813663
List the prime factors of 5971257041.
317, 18836773
What are the prime factors of 73606892?
2, 349, 52727
What are the prime factors of 491790661?
19, 1362301
List the prime factors of 1974543589.
1974543589
List the prime factors of 28880827.
28880827
What are the prime factors of 97109153?
127, 139, 5501
List the prime factors of 281746381.
7, 40249483
What are the prime factors of 220858915?
5, 181, 244043
What are the prime factors of 11770990?
2, 5, 7, 11, 15287
List the prime factors of 528928794.
2, 3, 223, 131771
List the prime factors of 26441954.
2, 7, 11, 103, 1667
What are the prime factors of 76854451?
2467, 31153
What are the